vided by 2513111?
62
What is the remainder when 2656092 is divided by 9287?
10
What is the remainder when 655625 is divided by 5287?
37
What is the remainder when 93091471 is divided by 23272865?
11
What is the remainder when 4488185 is divided by 1121767?
1117
Calculate the remainder when 265814 is divided by 1972.
1566
What is the remainder when 3165490 is divided by 260?
250
Calculate the remainder when 998504 is divided by 998480.
24
Calculate the remainder when 941475 is divided by 517.
18
Calculate the remainder when 860795 is divided by 171913.
1230
What is the remainder when 144715966 is divided by 4896?
4894
Calculate the remainder when 39478 is divided by 13125.
103
Calculate the remainder when 12254119 is divided by 1225411.
9
What is the remainder when 17947 is divided by 3092?
2487
What is the remainder when 166695 is divided by 741?
711
Calculate the remainder when 6372902 is divided by 317.
251
What is the remainder when 55639 is divided by 54440?
1199
What is the remainder when 8303835 is divided by 76?
75
What is the remainder when 339616 is divided by 6289?
10
Calculate the remainder when 191462 is divided by 6601.
33
Calculate the remainder when 67011 is divided by 64844.
2167
What is the remainder when 805610 is divided by 61969?
13
Calculate the remainder when 42176398 is divided by 31.
30
What is the remainder when 87125815 is divided by 17?
16
Calculate the remainder when 212146 is divided by 296.
210
Calculate the remainder when 888054 is divided by 779.
773
Calculate the remainder when 17599 is divided by 624.
127
Calculate the remainder when 1751809 is divided by 4265.
3159
Calculate the remainder when 386403 is divided by 5670.
843
Calculate the remainder when 1144220 is divided by 14263.
3180
What is the remainder when 25197378 is divided by 130?
128
What is the remainder when 179287 is divided by 755?
352
Calculate the remainder when 729879 is divided by 523.
294
Calculate the remainder when 162604 is divided by 80982.
640
Calculate the remainder when 161403028 is divided by 1046.
1044
What is the remainder when 22137 is divided by 615?
612
Calculate the remainder when 25950335 is divided by 2501.
2460
Calculate the remainder when 8209554 is divided by 93290.
34
What is the remainder when 7853353 is divided by 24090?
13
What is the remainder when 11291745 is divided by 11291482?
263
What is the remainder when 53190532 is divided by 6?
4
Calculate the remainder when 3791584 is divided by 179.
6
What is the remainder when 981071 is divided by 163507?
29
Calculate the remainder when 5651862 is divided by 5.
2
Calculate the remainder when 21021 is divided by 1166.
33
What is the remainder when 386902 is divided by 48096?
2134
Calculate the remainder when 55437 is divided by 2120.
317
Calculate the remainder when 47382934 is divided by 202.
198
Calculate the remainder when 52168458 is divided by 5.
3
What is the remainder when 2457242 is divided by 4645?
37
Calculate the remainder when 1121488 is divided by 35.
18
What is the remainder when 295818 is divided by 14711?
1598
What is the remainder when 5589775 is divided by 118?
115
What is the remainder when 429108 is divided by 1785?
708
What is the remainder when 472636 is divided by 405?
1
Calculate the remainder when 229752 is divided by 20886.
6
What is the remainder when 66168916 is divided by 24?
4
Calculate the remainder when 27262446 is divided by 12297.
12294
Calculate the remainder when 245567701 is divided by 51.
49
What is the remainder when 25900 is divided by 740?
0
Calculate the remainder when 45148399 is divided by 124.
123
Calculate the remainder when 5758450 is divided by 22063.
7
What is the remainder when 3600860 is divided by 24328?
316
What is the remainder when 102893451 is divided by 52?
11
Calculate the remainder when 6919131 is divided by 244.
23
What is the remainder when 982894 is divided by 571?
203
What is the remainder when 20407710 is divided by 483?
477
Calculate the remainder when 22847 is divided by 22286.
561
Calculate the remainder when 61667 is divided by 61573.
94
Calculate the remainder when 125595 is divided by 6303.
5838
Calculate the remainder when 1554071 is divided by 312.
311
Calculate the remainder when 1156365 is divided by 1156364.
1
Calculate the remainder when 29736 is divided by 437.
20
Calculate the remainder when 3913880 is divided by 1302.
68
What is the remainder when 35683024 is divided by 35682983?
41
What is the remainder when 94342 is divided by 3115?
892
Calculate the remainder when 48070918 is divided by 13.
12
Calculate the remainder when 51651 is divided by 25594.
463
Calculate the remainder when 4847766 is divided by 7268.
10
Calculate the remainder when 3604222 is divided by 720843.
7
What is the remainder when 3000487 is divided by 784?
119
Calculate the remainder when 9805 is divided by 2859.
1228
What is the remainder when 119947 is divided by 54?
13
Calculate the remainder when 190522 is divided by 1035.
82
Calculate the remainder when 71231 is divided by 17366.
1767
Calculate the remainder when 1692994 is divided by 145.
119
What is the remainder when 7694891 is divided by 40?
11
Calculate the remainder when 644676 is divided by 566.
2
Calculate the remainder when 2090794 is divided by 1108.
1106
What is the remainder when 122005 is divided by 23751?
3250
Calculate the remainder when 5246477 is divided by 1413.
8
Calculate the remainder when 3537445 is divided by 19018.
97
What is the remainder when 11017 is divided by 1969?
1172
Calculate the remainder when 260599 is divided by 3971.
2484
What is the remainder when 4991 is divided by 4968?
23
Calculate the remainder when 2726722 is divided by 308.
306
Calculate the remainder when 1715048 is divided by 397.
8
What is the remainder when 247362 is divided by 5147?
306
What is the remainder when 96933 is divided by 2143?
498
What is the remainder when 633745 is divided by 1182?
193
What is the remainder when 104559 is divided by 2971?
574
What is the remainder when 4733948 is divided by 530?
518
Calculate the remainder when 128545 is divided by 64221.
103
Calculate the remainder when 8227112 is divided by 2631.
2606
What is the remainder when 2104877 is divided by 73?
68
Calculate the remainder when 11931 is divided by 4906.
2119
What is the remainder when 177347167 is divided by 38?
27
What is the remainder when 23646 is divided by 4444?
1426
What is the remainder when 244070 is divided by 699?
119
Calculate the remainder when 24297103 is divided by 277.
48
Calculate the remainder when 179496 is divided by 1690.
356
Calculate the remainder when 91367 is divided by 358.
77
Calculate the remainder when 203323 is divided by 1019.
542
What is the remainder when 544521 is divided by 889?
453
What is the remainder when 24682403 is divided by 41?
34
What is the remainder when 88243545 is divided by 843?
834
Calculate the remainder when 550546 is divided by 19661.
38
Calculate the remainder when 22510 is divided by 20509.
2001
Calculate the remainder when 20429095 is divided by 52.
11
What is the remainder when 2465086 is divided by 50300?
386
What is the remainder when 1481037 is divided by 187?
184
Calculate the remainder when 5808566 is divided by 1415.
1406
What is the remainder when 103655661 is divided by 3373?
3371
What is the remainder when 9658710 is divided by 197?
194
What is the remainder when 3737340 is divided by 180?
0
Calculate the remainder when 339347 is divided by 96.
83
What is the remainder when 3058 is divided by 129?
91
What is the remainder when 717193 is divided by 2976?
2953
What is the remainder when 127020 is divided by 126834?
186
What is the remainder when 370234 is divided by 79?
40
What is the remainder when 347728 is divided by 885?
808
Calculate the remainder when 20627210 is divided by 2062720.
10
Calculate the remainder when 842507 is divided by 842461.
46
Calculate the remainder when 2528882904 is divided by 3113.
3111
What is the remainder when 19709 is divided by 9214?
1281
Calculate the remainder when 11249 is divided by 1825.
299
What is the remainder when 1804935 is divided by 22?
11
Calculate the remainder when 6031145 is divided by 1005145.
275
Calculate the remainder when 50119 is divided by 49880.
239
What is t